{"id":9578,"date":"2024-07-07T16:57:10","date_gmt":"2024-07-07T14:57:10","guid":{"rendered":"https:\/\/www.numidio.com\/lab\/?post_type=tribe_events&#038;p=9578"},"modified":"2024-07-07T16:59:23","modified_gmt":"2024-07-07T14:59:23","slug":"come-depositare-il-proprio-marchio-tavolo-con-lavv-franca-di-bernardo-17-luglio-2024","status":"publish","type":"tribe_events","link":"https:\/\/www.numidio.com\/lab\/eventi\/come-depositare-il-proprio-marchio-tavolo-con-lavv-franca-di-bernardo-17-luglio-2024\/","title":{"rendered":"Come depositare il proprio marchio &#8211; Tavolo con l&#8217;Avv. Franca Di Bernardo 17 Luglio 2024"},"content":{"rendered":"<p>Mercoled\u00ec 17 Luglio 2024 | h 13.45 \u2013 14.30<\/p>\n<p>Spesso quando parliamo dell\u2019ideazione e della tutela di un marchio pensiamo pi\u00f9 a degli adempimenti piuttosto che, invece, alle grandi opportunit\u00e0 di valorizzazione della nostra attivit\u00e0 o del nostro progetto.<\/p>\n<p>In questo webinar ne parliamo con l\u2019Avvocato Franca Di Bernardo, esperta in tutela dei marchi, nel trattamento dati e Co-fondatrice di <a href=\"https:\/\/www.imprenditoriamo.it\/site\/\" target=\"_blank\" rel=\"noopener\">Imprenditoriamo<\/a>, il network di professionisti riuniti per aiutare gli imprenditori ad avviare e a consolidare la propria impresa.<\/p>\n<p>Questo tavolo online \u00e8 riservato agli Abbonati \u00c9lite e Premium di Numidio Lab.<\/p>\n<p>&nbsp;<\/p>\n<h2><span style=\"color: #ff0000;\"><a style=\"color: #ff0000;\" href=\"https:\/\/zoom.us\/meeting\/register\/tJEuduiupjkoEtekXbPWHEtRRoFXnAw5cWl0\" target=\"_blank\" rel=\"noopener\"><strong>PRENOTA ORA IL TUO POSTO<\/strong><\/a><\/span><\/h2>\n<p><em>Nota bene: Il collegamento si svolger\u00e0 su Zoom<\/em><\/p>\n","protected":false},"excerpt":{"rendered":"<p>Mercoled\u00ec 17 Luglio 2024 | h 13.45 \u2013 14.30 Spesso quando parliamo dell\u2019ideazione e della tutela di un<\/p>\n","protected":false},"author":5,"featured_media":9579,"template":"","meta":{"_bbp_topic_count":0,"_bbp_reply_count":0,"_bbp_total_topic_count":0,"_bbp_total_reply_count":0,"_bbp_voice_count":0,"_bbp_anonymous_reply_count":0,"_bbp_topic_count_hidden":0,"_bbp_reply_count_hidden":0,"_bbp_forum_subforum_count":0,"pmpro_default_level":"","_tribe_events_status":"","_tribe_events_status_reason":"","footnotes":""},"tags":[],"tribe_events_cat":[211],"class_list":["post-9578","tribe_events","type-tribe_events","status-publish","has-post-thumbnail","hentry","tribe_events_cat-eventi-aperti","pmpro-has-access","cat_eventi-aperti"],"yoast_head":"<!-- This site is optimized with the Yoast SEO plugin v22.7 - https:\/\/yoast.com\/wordpress\/plugins\/seo\/ -->\n<title>Come depositare il proprio marchio - Tavolo con l&#039;Avv. Franca Di Bernardo 17 Luglio 2024 - Numidio Lab<\/title>\n<meta name=\"robots\" content=\"noindex, follow, max-snippet:-1, max-image-preview:large, max-video-preview:-1\" \/>\n<meta property=\"og:locale\" content=\"it_IT\" \/>\n<meta property=\"og:type\" content=\"article\" \/>\n<meta property=\"og:title\" content=\"Come depositare il proprio marchio - Tavolo con l&#039;Avv. Franca Di Bernardo 17 Luglio 2024 - Numidio Lab\" \/>\n<meta property=\"og:description\" content=\"Mercoled\u00ec 17 Luglio 2024 | h 13.45 \u2013 14.30 Spesso quando parliamo dell\u2019ideazione e della tutela di un\" \/>\n<meta property=\"og:url\" content=\"https:\/\/www.numidio.com\/lab\/eventi\/come-depositare-il-proprio-marchio-tavolo-con-lavv-franca-di-bernardo-17-luglio-2024\/\" \/>\n<meta property=\"og:site_name\" content=\"Numidio Lab\" \/>\n<meta property=\"article:modified_time\" content=\"2024-07-07T14:59:23+00:00\" \/>\n<meta property=\"og:image\" content=\"https:\/\/www.numidio.com\/lab\/wp-content\/uploads\/2024\/07\/evento-marchi-17-Luglio-2024_.jpg\" \/>\n\t<meta property=\"og:image:width\" content=\"600\" \/>\n\t<meta property=\"og:image:height\" content=\"1000\" \/>\n\t<meta property=\"og:image:type\" content=\"image\/jpeg\" \/>\n<meta name=\"twitter:card\" content=\"summary_large_image\" \/>\n<meta name=\"twitter:label1\" content=\"Tempo di lettura stimato\" \/>\n\t<meta name=\"twitter:data1\" content=\"1 minuto\" \/>\n<script type=\"application\/ld+json\" class=\"yoast-schema-graph\">{\"@context\":\"https:\/\/schema.org\",\"@graph\":[{\"@type\":\"WebPage\",\"@id\":\"https:\/\/www.numidio.com\/lab\/eventi\/come-depositare-il-proprio-marchio-tavolo-con-lavv-franca-di-bernardo-17-luglio-2024\/\",\"url\":\"https:\/\/www.numidio.com\/lab\/eventi\/come-depositare-il-proprio-marchio-tavolo-con-lavv-franca-di-bernardo-17-luglio-2024\/\",\"name\":\"Come depositare il proprio marchio - Tavolo con l'Avv. Franca Di Bernardo 17 Luglio 2024 - Numidio Lab\",\"isPartOf\":{\"@id\":\"https:\/\/www.numidio.com\/lab\/#website\"},\"primaryImageOfPage\":{\"@id\":\"https:\/\/www.numidio.com\/lab\/eventi\/come-depositare-il-proprio-marchio-tavolo-con-lavv-franca-di-bernardo-17-luglio-2024\/#primaryimage\"},\"image\":{\"@id\":\"https:\/\/www.numidio.com\/lab\/eventi\/come-depositare-il-proprio-marchio-tavolo-con-lavv-franca-di-bernardo-17-luglio-2024\/#primaryimage\"},\"thumbnailUrl\":\"https:\/\/www.numidio.com\/lab\/wp-content\/uploads\/2024\/07\/evento-marchi-17-Luglio-2024_.jpg\",\"datePublished\":\"2024-07-07T14:57:10+00:00\",\"dateModified\":\"2024-07-07T14:59:23+00:00\",\"breadcrumb\":{\"@id\":\"https:\/\/www.numidio.com\/lab\/eventi\/come-depositare-il-proprio-marchio-tavolo-con-lavv-franca-di-bernardo-17-luglio-2024\/#breadcrumb\"},\"inLanguage\":\"it-IT\",\"potentialAction\":[{\"@type\":\"ReadAction\",\"target\":[\"https:\/\/www.numidio.com\/lab\/eventi\/come-depositare-il-proprio-marchio-tavolo-con-lavv-franca-di-bernardo-17-luglio-2024\/\"]}]},{\"@type\":\"ImageObject\",\"inLanguage\":\"it-IT\",\"@id\":\"https:\/\/www.numidio.com\/lab\/eventi\/come-depositare-il-proprio-marchio-tavolo-con-lavv-franca-di-bernardo-17-luglio-2024\/#primaryimage\",\"url\":\"https:\/\/www.numidio.com\/lab\/wp-content\/uploads\/2024\/07\/evento-marchi-17-Luglio-2024_.jpg\",\"contentUrl\":\"https:\/\/www.numidio.com\/lab\/wp-content\/uploads\/2024\/07\/evento-marchi-17-Luglio-2024_.jpg\",\"width\":600,\"height\":1000},{\"@type\":\"BreadcrumbList\",\"@id\":\"https:\/\/www.numidio.com\/lab\/eventi\/come-depositare-il-proprio-marchio-tavolo-con-lavv-franca-di-bernardo-17-luglio-2024\/#breadcrumb\",\"itemListElement\":[{\"@type\":\"ListItem\",\"position\":1,\"name\":\"Home\",\"item\":\"https:\/\/www.numidio.com\/lab\/\"},{\"@type\":\"ListItem\",\"position\":2,\"name\":\"Eventi\",\"item\":\"https:\/\/www.numidio.com\/lab\/eventi\/\"},{\"@type\":\"ListItem\",\"position\":3,\"name\":\"Come depositare il proprio marchio &#8211; Tavolo con l&#8217;Avv. Franca Di Bernardo 17 Luglio 2024\"}]},{\"@type\":\"WebSite\",\"@id\":\"https:\/\/www.numidio.com\/lab\/#website\",\"url\":\"https:\/\/www.numidio.com\/lab\/\",\"name\":\"Numidio Lab\",\"description\":\"Chi comunica guadagna davvero\",\"publisher\":{\"@id\":\"https:\/\/www.numidio.com\/lab\/#organization\"},\"potentialAction\":[{\"@type\":\"SearchAction\",\"target\":{\"@type\":\"EntryPoint\",\"urlTemplate\":\"https:\/\/www.numidio.com\/lab\/?s={search_term_string}\"},\"query-input\":\"required name=search_term_string\"}],\"inLanguage\":\"it-IT\"},{\"@type\":\"Organization\",\"@id\":\"https:\/\/www.numidio.com\/lab\/#organization\",\"name\":\"Numidio Lab\",\"url\":\"https:\/\/www.numidio.com\/lab\/\",\"logo\":{\"@type\":\"ImageObject\",\"inLanguage\":\"it-IT\",\"@id\":\"https:\/\/www.numidio.com\/lab\/#\/schema\/logo\/image\/\",\"url\":\"https:\/\/www.numidio.com\/lab\/wp-content\/uploads\/2024\/04\/numidio-lab-logo-website.png\",\"contentUrl\":\"https:\/\/www.numidio.com\/lab\/wp-content\/uploads\/2024\/04\/numidio-lab-logo-website.png\",\"width\":500,\"height\":500,\"caption\":\"Numidio Lab\"},\"image\":{\"@id\":\"https:\/\/www.numidio.com\/lab\/#\/schema\/logo\/image\/\"}}]}<\/script>\n<!-- \/ Yoast SEO plugin. -->","yoast_head_json":{"title":"Come depositare il proprio marchio - Tavolo con l'Avv. Franca Di Bernardo 17 Luglio 2024 - Numidio Lab","robots":{"index":"noindex","follow":"follow","max-snippet":"max-snippet:-1","max-image-preview":"max-image-preview:large","max-video-preview":"max-video-preview:-1"},"og_locale":"it_IT","og_type":"article","og_title":"Come depositare il proprio marchio - Tavolo con l'Avv. Franca Di Bernardo 17 Luglio 2024 - Numidio Lab","og_description":"Mercoled\u00ec 17 Luglio 2024 | h 13.45 \u2013 14.30 Spesso quando parliamo dell\u2019ideazione e della tutela di un","og_url":"https:\/\/www.numidio.com\/lab\/eventi\/come-depositare-il-proprio-marchio-tavolo-con-lavv-franca-di-bernardo-17-luglio-2024\/","og_site_name":"Numidio Lab","article_modified_time":"2024-07-07T14:59:23+00:00","og_image":[{"width":600,"height":1000,"url":"https:\/\/www.numidio.com\/lab\/wp-content\/uploads\/2024\/07\/evento-marchi-17-Luglio-2024_.jpg","type":"image\/jpeg"}],"twitter_card":"summary_large_image","twitter_misc":{"Tempo di lettura stimato":"1 minuto"},"schema":{"@context":"https:\/\/schema.org","@graph":[{"@type":"WebPage","@id":"https:\/\/www.numidio.com\/lab\/eventi\/come-depositare-il-proprio-marchio-tavolo-con-lavv-franca-di-bernardo-17-luglio-2024\/","url":"https:\/\/www.numidio.com\/lab\/eventi\/come-depositare-il-proprio-marchio-tavolo-con-lavv-franca-di-bernardo-17-luglio-2024\/","name":"Come depositare il proprio marchio - Tavolo con l'Avv. Franca Di Bernardo 17 Luglio 2024 - Numidio Lab","isPartOf":{"@id":"https:\/\/www.numidio.com\/lab\/#website"},"primaryImageOfPage":{"@id":"https:\/\/www.numidio.com\/lab\/eventi\/come-depositare-il-proprio-marchio-tavolo-con-lavv-franca-di-bernardo-17-luglio-2024\/#primaryimage"},"image":{"@id":"https:\/\/www.numidio.com\/lab\/eventi\/come-depositare-il-proprio-marchio-tavolo-con-lavv-franca-di-bernardo-17-luglio-2024\/#primaryimage"},"thumbnailUrl":"https:\/\/www.numidio.com\/lab\/wp-content\/uploads\/2024\/07\/evento-marchi-17-Luglio-2024_.jpg","datePublished":"2024-07-07T14:57:10+00:00","dateModified":"2024-07-07T14:59:23+00:00","breadcrumb":{"@id":"https:\/\/www.numidio.com\/lab\/eventi\/come-depositare-il-proprio-marchio-tavolo-con-lavv-franca-di-bernardo-17-luglio-2024\/#breadcrumb"},"inLanguage":"it-IT","potentialAction":[{"@type":"ReadAction","target":["https:\/\/www.numidio.com\/lab\/eventi\/come-depositare-il-proprio-marchio-tavolo-con-lavv-franca-di-bernardo-17-luglio-2024\/"]}]},{"@type":"ImageObject","inLanguage":"it-IT","@id":"https:\/\/www.numidio.com\/lab\/eventi\/come-depositare-il-proprio-marchio-tavolo-con-lavv-franca-di-bernardo-17-luglio-2024\/#primaryimage","url":"https:\/\/www.numidio.com\/lab\/wp-content\/uploads\/2024\/07\/evento-marchi-17-Luglio-2024_.jpg","contentUrl":"https:\/\/www.numidio.com\/lab\/wp-content\/uploads\/2024\/07\/evento-marchi-17-Luglio-2024_.jpg","width":600,"height":1000},{"@type":"BreadcrumbList","@id":"https:\/\/www.numidio.com\/lab\/eventi\/come-depositare-il-proprio-marchio-tavolo-con-lavv-franca-di-bernardo-17-luglio-2024\/#breadcrumb","itemListElement":[{"@type":"ListItem","position":1,"name":"Home","item":"https:\/\/www.numidio.com\/lab\/"},{"@type":"ListItem","position":2,"name":"Eventi","item":"https:\/\/www.numidio.com\/lab\/eventi\/"},{"@type":"ListItem","position":3,"name":"Come depositare il proprio marchio &#8211; Tavolo con l&#8217;Avv. Franca Di Bernardo 17 Luglio 2024"}]},{"@type":"WebSite","@id":"https:\/\/www.numidio.com\/lab\/#website","url":"https:\/\/www.numidio.com\/lab\/","name":"Numidio Lab","description":"Chi comunica guadagna davvero","publisher":{"@id":"https:\/\/www.numidio.com\/lab\/#organization"},"potentialAction":[{"@type":"SearchAction","target":{"@type":"EntryPoint","urlTemplate":"https:\/\/www.numidio.com\/lab\/?s={search_term_string}"},"query-input":"required name=search_term_string"}],"inLanguage":"it-IT"},{"@type":"Organization","@id":"https:\/\/www.numidio.com\/lab\/#organization","name":"Numidio Lab","url":"https:\/\/www.numidio.com\/lab\/","logo":{"@type":"ImageObject","inLanguage":"it-IT","@id":"https:\/\/www.numidio.com\/lab\/#\/schema\/logo\/image\/","url":"https:\/\/www.numidio.com\/lab\/wp-content\/uploads\/2024\/04\/numidio-lab-logo-website.png","contentUrl":"https:\/\/www.numidio.com\/lab\/wp-content\/uploads\/2024\/04\/numidio-lab-logo-website.png","width":500,"height":500,"caption":"Numidio Lab"},"image":{"@id":"https:\/\/www.numidio.com\/lab\/#\/schema\/logo\/image\/"}}]}},"_links":{"self":[{"href":"https:\/\/www.numidio.com\/lab\/wp-json\/wp\/v2\/tribe_events\/9578","targetHints":{"allow":["GET"]}}],"collection":[{"href":"https:\/\/www.numidio.com\/lab\/wp-json\/wp\/v2\/tribe_events"}],"about":[{"href":"https:\/\/www.numidio.com\/lab\/wp-json\/wp\/v2\/types\/tribe_events"}],"author":[{"embeddable":true,"href":"https:\/\/www.numidio.com\/lab\/wp-json\/wp\/v2\/users\/5"}],"version-history":[{"count":3,"href":"https:\/\/www.numidio.com\/lab\/wp-json\/wp\/v2\/tribe_events\/9578\/revisions"}],"predecessor-version":[{"id":9582,"href":"https:\/\/www.numidio.com\/lab\/wp-json\/wp\/v2\/tribe_events\/9578\/revisions\/9582"}],"wp:featuredmedia":[{"embeddable":true,"href":"https:\/\/www.numidio.com\/lab\/wp-json\/wp\/v2\/media\/9579"}],"wp:attachment":[{"href":"https:\/\/www.numidio.com\/lab\/wp-json\/wp\/v2\/media?parent=9578"}],"wp:term":[{"taxonomy":"post_tag","embeddable":true,"href":"https:\/\/www.numidio.com\/lab\/wp-json\/wp\/v2\/tags?post=9578"},{"taxonomy":"tribe_events_cat","embeddable":true,"href":"https:\/\/www.numidio.com\/lab\/wp-json\/wp\/v2\/tribe_events_cat?post=9578"}],"curies":[{"name":"wp","href":"https:\/\/api.w.org\/{rel}","templated":true}]}}

<p>Mercoledì 17 Luglio 2024 | h 13.45 – 14.30</p>
<p>Spesso quando parliamo dell’ideazione e della tutela di un marchio pensiamo più a degli adempimenti piuttosto che, invece, alle grandi opportunità di valorizzazione della nostra attività o del nostro progetto.</p>
<p>In questo webinar ne parliamo con l’Avvocato Franca Di Bernardo, esperta in tutela dei marchi, nel trattamento dati e Co-fondatrice di <a href="https://www.imprenditoriamo.it/site/" target="_blank" rel="noopener">Imprenditoriamo</a>, il network di professionisti riuniti per aiutare gli imprenditori ad avviare e a consolidare la propria impresa.</p>
<p>Questo tavolo online è riservato agli Abbonati Élite e Premium di Numidio Lab.</p>
<p>&nbsp;</p>
<h2><span style="color: #ff0000;"><a style="color: #ff0000;" href="https://zoom.us/meeting/register/tJEuduiupjkoEtekXbPWHEtRRoFXnAw5cWl0" target="_blank" rel="noopener"><strong>PRENOTA ORA IL TUO POSTO</strong></a></span></h2>
<p><em>Nota bene: Il collegamento si svolgerà su Zoom</em></p>

<p>Mercoledì 17 Luglio 2024 | h 13.45 – 14.30 Spesso quando parliamo dell’ideazione e della tutela di un</p>

<!-- This site is optimized with the Yoast SEO plugin v22.7 - https://yoast.com/wordpress/plugins/seo/ -->
<title>Come depositare il proprio marchio - Tavolo con l&#039;Avv. Franca Di Bernardo 17 Luglio 2024 - Numidio Lab</title>
<meta name="robots" content="noindex, follow, max-snippet:-1, max-image-preview:large, max-video-preview:-1" />
<meta property="og:locale" content="it_IT" />
<meta property="og:type" content="article" />
<meta property="og:title" content="Come depositare il proprio marchio - Tavolo con l&#039;Avv. Franca Di Bernardo 17 Luglio 2024 - Numidio Lab" />
<meta property="og:description" content="Mercoledì 17 Luglio 2024 | h 13.45 – 14.30 Spesso quando parliamo dell’ideazione e della tutela di un" />
<meta property="og:url" content="https://www.numidio.com/lab/eventi/come-depositare-il-proprio-marchio-tavolo-con-lavv-franca-di-bernardo-17-luglio-2024/" />
<meta property="og:site_name" content="Numidio Lab" />
<meta property="article:modified_time" content="2024-07-07T14:59:23+00:00" />
<meta property="og:image" content="https://www.numidio.com/lab/wp-content/uploads/2024/07/evento-marchi-17-Luglio-2024_.jpg" />
	<meta property="og:image:width" content="600" />
	<meta property="og:image:height" content="1000" />
	<meta property="og:image:type" content="image/jpeg" />
<meta name="twitter:card" content="summary_large_image" />
<meta name="twitter:label1" content="Tempo di lettura stimato" />
	<meta name="twitter:data1" content="1 minuto" />
<script type="application/ld+json" class="yoast-schema-graph">{"@context":"https://schema.org","@graph":[{"@type":"WebPage","@id":"https://www.numidio.com/lab/eventi/come-depositare-il-proprio-marchio-tavolo-con-lavv-franca-di-bernardo-17-luglio-2024/","url":"https://www.numidio.com/lab/eventi/come-depositare-il-proprio-marchio-tavolo-con-lavv-franca-di-bernardo-17-luglio-2024/","name":"Come depositare il proprio marchio - Tavolo con l'Avv. Franca Di Bernardo 17 Luglio 2024 - Numidio Lab","isPartOf":{"@id":"https://www.numidio.com/lab/#website"},"primaryImageOfPage":{"@id":"https://www.numidio.com/lab/eventi/come-depositare-il-proprio-marchio-tavolo-con-lavv-franca-di-bernardo-17-luglio-2024/#primaryimage"},"image":{"@id":"https://www.numidio.com/lab/eventi/come-depositare-il-proprio-marchio-tavolo-con-lavv-franca-di-bernardo-17-luglio-2024/#primaryimage"},"thumbnailUrl":"https://www.numidio.com/lab/wp-content/uploads/2024/07/evento-marchi-17-Luglio-2024_.jpg","datePublished":"2024-07-07T14:57:10+00:00","dateModified":"2024-07-07T14:59:23+00:00","breadcrumb":{"@id":"https://www.numidio.com/lab/eventi/come-depositare-il-proprio-marchio-tavolo-con-lavv-franca-di-bernardo-17-luglio-2024/#breadcrumb"},"inLanguage":"it-IT","potentialAction":[{"@type":"ReadAction","target":["https://www.numidio.com/lab/eventi/come-depositare-il-proprio-marchio-tavolo-con-lavv-franca-di-bernardo-17-luglio-2024/"]}]},{"@type":"ImageObject","inLanguage":"it-IT","@id":"https://www.numidio.com/lab/eventi/come-depositare-il-proprio-marchio-tavolo-con-lavv-franca-di-bernardo-17-luglio-2024/#primaryimage","url":"https://www.numidio.com/lab/wp-content/uploads/2024/07/evento-marchi-17-Luglio-2024_.jpg","contentUrl":"https://www.numidio.com/lab/wp-content/uploads/2024/07/evento-marchi-17-Luglio-2024_.jpg","width":600,"height":1000},{"@type":"BreadcrumbList","@id":"https://www.numidio.com/lab/eventi/come-depositare-il-proprio-marchio-tavolo-con-lavv-franca-di-bernardo-17-luglio-2024/#breadcrumb","itemListElement":[{"@type":"ListItem","position":1,"name":"Home","item":"https://www.numidio.com/lab/"},{"@type":"ListItem","position":2,"name":"Eventi","item":"https://www.numidio.com/lab/eventi/"},{"@type":"ListItem","position":3,"name":"Come depositare il proprio marchio &#8211; Tavolo con l&#8217;Avv. Franca Di Bernardo 17 Luglio 2024"}]},{"@type":"WebSite","@id":"https://www.numidio.com/lab/#website","url":"https://www.numidio.com/lab/","name":"Numidio Lab","description":"Chi comunica guadagna davvero","publisher":{"@id":"https://www.numidio.com/lab/#organization"},"potentialAction":[{"@type":"SearchAction","target":{"@type":"EntryPoint","urlTemplate":"https://www.numidio.com/lab/?s={search_term_string}"},"query-input":"required name=search_term_string"}],"inLanguage":"it-IT"},{"@type":"Organization","@id":"https://www.numidio.com/lab/#organization","name":"Numidio Lab","url":"https://www.numidio.com/lab/","logo":{"@type":"ImageObject","inLanguage":"it-IT","@id":"https://www.numidio.com/lab/#/schema/logo/image/","url":"https://www.numidio.com/lab/wp-content/uploads/2024/04/numidio-lab-logo-website.png","contentUrl":"https://www.numidio.com/lab/wp-content/uploads/2024/04/numidio-lab-logo-website.png","width":500,"height":500,"caption":"Numidio Lab"},"image":{"@id":"https://www.numidio.com/lab/#/schema/logo/image/"}}]}</script>
<!-- / Yoast SEO plugin. -->

Mercoledì 17 Luglio 2024 | h 13.45 – 14.30 Spesso quando parliamo dell’ideazione e della tutela di un
